mmon factor of 90209 and 646191?
1841
What is the highest common divisor of 395754 and 6?
6
What is the highest common factor of 393704 and 21054?
58
What is the greatest common divisor of 3528 and 50599311?
147
What is the greatest common divisor of 28086936 and 2814?
402
What is the highest common divisor of 75020089 and 69?
23
Calculate the greatest common divisor of 10939472 and 300768.
3856
Calculate the highest common factor of 856 and 1042208.
8
What is the highest common divisor of 440 and 8125590?
110
Calculate the highest common factor of 282323950 and 205.
205
What is the highest common factor of 6992 and 565592?
152
What is the highest common divisor of 830 and 340812110?
830
Calculate the greatest common factor of 65558473 and 1233.
137
What is the greatest common factor of 53 and 63739337?
53
Calculate the greatest common divisor of 17510 and 731300.
1030
Calculate the greatest common divisor of 5502796 and 12.
4
Calculate the greatest common factor of 4900 and 2391102.
98
What is the greatest common divisor of 2700416 and 93568?
2176
Calculate the highest common divisor of 2066 and 103149182.
2066
Calculate the greatest common divisor of 940296662 and 76.
38
What is the highest common divisor of 84 and 5497177?
7
Calculate the highest common divisor of 2790 and 3409938.
558
What is the highest common divisor of 21447250 and 726?
242
Calculate the highest common factor of 446746 and 834.
278
Calculate the greatest common factor of 322612099 and 23.
23
What is the greatest common factor of 140059524 and 1716?
132
What is the greatest common factor of 2282423 and 104247?
143
Calculate the greatest common divisor of 45554399 and 11.
11
What is the highest common divisor of 1170999372 and 204?
204
What is the greatest common factor of 6447020 and 60?
20
What is the greatest common factor of 30891 and 33247542?
4413
Calculate the highest common divisor of 19880 and 28702744.
3976
What is the greatest common divisor of 112 and 22133744?
16
Calculate the greatest common factor of 521850 and 1558450.
3550
Calculate the greatest common divisor of 1255 and 275175065.
1255
What is the greatest common factor of 202072 and 49816?
104
Calculate the highest common factor of 21899262 and 110.
22
Calculate the highest common factor of 2784 and 76900344.
696
Calculate the highest common divisor of 338739144 and 34.
34
What is the greatest common factor of 265 and 56101454?
53
What is the greatest common divisor of 13770 and 7750980?
1530
Calculate the highest common factor of 2291956 and 824.
412
What is the highest common factor of 336937 and 40946?
347
Calculate the highest common factor of 40680999 and 7032.
879
What is the highest common divisor of 136366965 and 485?
485
Calculate the highest common divisor of 43137 and 8730.
9
Calculate the highest common divisor of 394189250 and 3500.
1750
What is the greatest common divisor of 26 and 2167206379?
13
Calculate the highest common divisor of 14745 and 54285.
15
Calculate the highest common divisor of 6862 and 1385686.
146
Calculate the greatest common divisor of 306 and 117567.
9
Calculate the greatest common factor of 22779525 and 5400.
75
Calculate the highest common factor of 28896 and 4360944.
336
What is the highest common divisor of 272958 and 123?
3
What is the highest common divisor of 78120 and 757320?
120
What is the highest common factor of 168 and 56313976?
8
What is the highest common factor of 5090680 and 1064?
56
What is the greatest common divisor of 864 and 79884000?
288
Calculate the greatest common divisor of 514 and 179868646.
514
What is the highest common factor of 46472 and 9319520?
1256
What is the highest common factor of 13 and 3496873?
1
What is the greatest common factor of 12678092 and 112?
28
Calculate the greatest common divisor of 2847 and 18137613.
39
What is the greatest common divisor of 106264 and 161912?
296
Calculate the highest common divisor of 8780 and 71023615.
2195
Calculate the highest common factor of 5967 and 134019.
9
What is the highest common divisor of 695688 and 64575?
861
What is the highest common factor of 79287 and 897?
39
Calculate the highest common divisor of 152 and 27413960.
152
What is the highest common divisor of 732 and 2826618?
366
What is the highest common factor of 2585343 and 88672?
2771
What is the greatest common factor of 2398960 and 4584?
1528
Calculate the highest common divisor of 427839 and 80274.
51
Calculate the greatest common factor of 78991 and 886402.
473
Calculate the greatest common divisor of 2988 and 2102472.
36
Calculate the highest common divisor of 71108 and 93148.
116
Calculate the greatest common factor of 233784 and 79968.
408
What is the greatest common factor of 251520 and 6578034?
786
Calculate the highest common divisor of 4564 and 7113972.
652
Calculate the highest common factor of 118352857 and 203.
203
What is the highest common factor of 267 and 529097?
1
What is the greatest common factor of 35 and 1490461?
7
Calculate the greatest common factor of 918869677 and 332.
83
Calculate the highest common factor of 1734823 and 9698.
373
Calculate the highest common divisor of 178203 and 630397.
311
Calculate the greatest common factor of 1679 and 3242149.
1679
Calculate the highest common divisor of 8345190 and 4935.
105
Calculate the highest common factor of 46200 and 3072.
24
Calculate the highest common factor of 5881683 and 8025.
321
Calculate the highest common factor of 119347126 and 592.
74
Calculate the highest common factor of 3350 and 107100.
50
Calculate the greatest common factor of 39600 and 14612895.
495
Calculate the highest common factor of 688358 and 15678.
134
Calculate the greatest common factor of 6561 and 61044273.
729
Calculate the greatest common divisor of 4734467 and 30063.
911
What is the greatest common factor of 5004567 and 28824?
3603
Calculate the greatest common factor of 2164285 and 15.
5
What is the highest common divisor of 1292892 and 30?
6
What is the greatest common divisor of 207852 and 229188?
12
What is the greatest common factor of 168 and 162623832?
168
Calculate the greatest common factor of 126 and 8224566.
42
What is the greatest common divisor of 1141 and 1425522?
7
What is the greatest common divisor of 13940 and 201535?
85
Calculate the highest common factor of 25318361 and 164.
41
Calculate the highest common factor of 595395 and 8010.
45
What is the greatest common factor of 16218467 and 229?
229
Calculate the greatest common factor of 512946 and 3542.
322
Calculate the greatest common factor of 25 and 113912705.
5
Calculate the highest common divisor of 535 and 73855680.
535
Calculate the greatest common divisor of 51404 and 2735204.
284
Calculate the greatest common divisor of 3464 and 110659212.
1732
What is the highest common factor of 260184 and 3576?
24
What is the greatest common factor of 758904 and 7004?
412
What is the highest common factor of 37576632 and 312?
24
Calculate the greatest common factor of 68654 and 56.
2
What is the highest common divisor of 154318 and 21888?
38
What is the highest common factor of 759123710 and 2?
2
Calculate the greatest common factor of 17959788 and 5985.
1197
Calculate the greatest common factor of 914 and 529570229.
457
What is the greatest common factor of 182 and 24581674?
26
Calculate the greatest common divisor of 1061017 and 209.
19
What is the highest common factor of 566865215 and 826?
413
What is the greatest common divisor of 48 and 441939?
3
Calculate the highest common divisor of 20607615 and 19440.
1215
What is the greatest common factor of 62523 and 52241440?
6947
Calculate the greatest common factor of 20953 and 533846.
911
Calculate the highest common factor of 84547166 and 9922.
902
Calculate the highest common factor of 355166518 and 1148.
574
What is the greatest common factor of 68 and 5315407?
17
What is the highest common factor of 234 and 86026122?
234
Calculate the greatest common factor of 575 and 99707990.
115
What is the greatest common divisor of 1424 and 2195452?
356
Calculate the highest common factor of 2405766 and 1650.
66
Calculate the greatest common factor of 3856992 and 13920.
96
Calculate the highest common divisor of 86652 and 162342.
522
What is the highest common 